 + 4*j + 71 = 4*o. What is the remainder when 247 is divided by o?
9
Suppose 0 = 7*s - 28 - 2639. Calculate the remainder when s is divided by 24.
21
Let w be (-5)/(-15) + (-29)/(-3). What is the remainder when 29 is divided by w*4*2/8?
9
Let u be ((-3)/(-1))/(15/25). Suppose 2*h - 166 = -3*v + 7*h, -u = h. Calculate the remainder when v is divided by 24.
23
Let n(r) = -r**3 - 12*r**2 - 2*r + 11. Let s be n(-11). What is the remainder when (-7232)/s + -2*(-2)/(-22) is divided by 21?
19
Let b = 232 + -191. What is the remainder when b is divided by 11?
8
Calculate the remainder when 15/10*(-1038)/18*-4 is divided by 50.
46
Suppose -97 + 25 = -4*a + 5*s, -127 = -5*a - 3*s. What is the remainder when 182 is divided by a?
21
Suppose -6*m + 8*m = 6. Suppose 2*x - 3*x + 68 = m*q, -2*q - 96 = -2*x. What is the remainder when x - 2 - (3 - 3) is divided by 18?
15
Let n = 10 - -16. Suppose -1 = -3*z + n. Suppose -4*k = -2*g - 32 + 88, k = -5*g + 118. Calculate the remainder when g is divided by z.
6
Suppose -3*p = -4*h + 189, -2*h + 2*p = -0*p - 94. What is the remainder when 5 is divided by h/26 - (-12)/78?
1
Suppose -10*x + 116 + 44 = 0. Let u = 129 - 35. What is the remainder when u is divided by x?
14
Suppose 4*k = -3 - 1. What is the remainder when -1 - 85/k - (3 + -4) is divided by 43?
42
Suppose -26*h + 1092 = -1118. Suppose 187 - 37 = 5*f. What is the remainder when h is divided by f?
25
Suppose r + 122 = 2*r. Calculate the remainder when r is divided by 42.
38
Suppose 17 = 2*t + 7. Suppose -36 = -t*j + j. Let s(p) = p**2 + 8*p - 4. Calculate the remainder when j is divided by s(-9).
4
Suppose -1116 = -8*k - k. Calculate the remainder when k is divided by 33.
25
Suppose 41*t + 512 = 93*t - 164. Suppose 3*l - 231 = -x - 81, l - 3*x - 50 = 0. What is the remainder when l is divided by t?
11
Suppose -3*i - 2*i + 799 = 3*w, w - 2*i = 248. Calculate the remainder when w is divided by 9.
6
Suppose 8*r - 195 = -27. Let n(j) = 4*j**3 + 2*j**2 - j + 2. Calculate the remainder when n(3) is divided by r.
20
Suppose -4*z + 1793 + 119 = 0. Calculate the remainder when z is divided by 16.
14
Let q be (-15)/(-20) + 999/12. Let n = q + -47. Calculate the remainder when 142 is divided by n.
31
Let r = -143 - -305. What is the remainder when r is divided by 56?
50
Suppose 0 = -s - 4, -2*h + 2*s = -12 - 8. Calculate the remainder when h is divided by 5.
1
Let r = -27 + 45. Let w(l) be the second derivative of 5*l**3/6 - 5*l**2 + 3*l. Calculate the remainder when r is divided by w(4).
8
Suppose 4*i = -5*d + 168 + 6, -d = -3*i - 31. Calculate the remainder when d is divided by 12.
10
Suppose 0 = 3*t - 2*n - 52, -4*t = -3*t + 3*n - 10. Calculate the remainder when 22 is divided by t.
6
Let q = 72 - 36. Calculate the remainder when 395 is divided by q.
35
Suppose 5*m = f + 2*m - 23, 3*f - 69 = -4*m. Calculate the remainder when 136 is divided by f.
21
Let u = 13 + 20. Let r = u + -17. What is the remainder when 62 is divided by r?
14
Let j = 436 - 254. What is the remainder when j is divided by 46?
44
Let q(j) = -2*j - 9. Let r be q(-7). Let y(c) = 3*c**2 - 15*c + 6. What is the remainder when 28 is divided by y(r)?
4
Let y(o) = 2*o - 4. Let n be y(3). Let a(x) = 1 - 6*x + 4*x**2 - 5*x**n + x - 2. What is the remainder when 5 is divided by a(-4)?
2
Suppose 0 = 3*l - 0*m + 2*m - 21, -5*l + 13 = -4*m. Suppose 169 + 66 = l*f. What is the remainder when f is divided by 7?
5
Suppose m = 4 + 2. Let a = 39 + -24. Calculate the remainder when a is divided by m.
3
Suppose 16 = 29*k - 3319. What is the remainder when k is divided by 52?
11
Let y(b) = 3*b**3 - b**2 + b. Let p be y(1). Suppose r - 132 = -4*j + 109, -3*r = -p*j + 162. Calculate the remainder when j is divided by 30.
29
Let r(t) = -t**2 - 7*t - 7. Let j be (30/45)/(2/(-12)). Calculate the remainder when 11 is divided by r(j).
1
Suppose -5*l - 5*d + 785 = 0, 5*l + d = -0*d + 793. Let g = -61 - -88. Calculate the remainder when l is divided by g.
24
Let f be 2/((-4)/(-64)*-1). Let k = 47 + f. Suppose 0 = -v + 2*v - k. What is the remainder when 57 is divided by v?
12
Let j = 16 + -34. Let u(f) = -f**3 - 18*f**2 - 2*f - 4. What is the remainder when u(j) is divided by 11?
10
Let g(x) = -x**2 - 52*x - 231. Calculate the remainder when 345 is divided by g(-5).
1
Let x(o) = 7*o**3 - 11*o**2 + 12*o - 3. Let y(p) = 8*p**3 - 12*p**2 + 13*p - 3. Let w(q) = -7*x(q) + 6*y(q). What is the remainder when 5 is divided by w(3)?
2
Let h be (0*4/12)/(-1). Suppose h = 2*u + 2*u - 104. Calculate the remainder when u is divided by 9.
8
Suppose -2*b + 22 = 4*l, -5*b + 2*b = -5*l. Suppose -l*r + 45 = 6*r. What is the remainder when 5 is divided by 8*(-5)/(-50)*r?
1
Let q be -1013*4/(-28) - (-2)/7. Let t = q - -51. Calculate the remainder when t is divided by 33.
31
Suppose 2*k - 3*k = 1, 0 = 2*f - 5*k - 47. Suppose 2*b + 5 = f. What is the remainder when b is divided by 7?
1
Suppose -5*b + 99 = 3*c, 95 = 5*b + 4*c + c. Let z = 4 + 58. What is the remainder when z is divided by b?
20
Suppose -3*y + 7*y = -3*g + 113, -2*g = y - 32. What is the remainder when 127 is divided by y?
23
Let i be 924/(-55)*(-5)/2. Calculate the remainder when (-1)/(-2 - -1) - -82 is divided by ((-34)/(-4) - i/(-21))*2.
20
Let v(d) be the second derivative of 2*d**4/3 + d**3/3 - 3*d**2/2 + 2*d. Let m = -131 + 142. What is the remainder when v(3) is divided by m?
9
Suppose 0 = 2*x - 3 - 1. Suppose -90 = -x*k + i, -3*k - k = -i - 180. What is the remainder when k is divided by (-141)/(-6) + (-3)/6?
22
Let w(z) = 7*z + 9 + z**2 + 3*z**2 + z. Suppose 0 = -2*h + 6*h + 16. What is the remainder when w(h) is divided by 14?
13
Suppose 6*g + 10 = 82 + 66. What is the remainder when g is divided by (-4 - -3)/((-1)/5)?
3
Suppose 19*x - 731 = 2138. Calculate the remainder when x is divided by 8.
7
Suppose -16 = 2*x - 5*p, -2*x - 3*p + 8 = -8. Let h = x + 12. Suppose -3*z = 4*q - 216, 45 + 9 = q - 3*z. Calculate the remainder when q is divided by h.
12
Calculate the remainder when ((-5180)/(-8))/5 + 15/10 is divided by 22.
21
Suppose 2*s = -185 - 45. Let n = 163 + s. Calculate the remainder when n is divided by 26.
22
Suppose 8*g + 11*g - 2033 = 0. What is the remainder when g is divided by 28?
23
Let g = 476 + -367. What is the remainder when g is divided by 14?
11
Suppose 5*m - 975 = 4*i, -4*m + 0*i = 5*i - 780. Suppose -m = -5*c + y, -c - y - y = -28. Calculate the remainder when c is divided by 14.
10
Suppose 9*g = -2*g + 3047. Calculate the remainder when g is divided by 28.
25
Let i(m) = 2*m**3 + 10*m**2 - 6*m - 20. Calculate the remainder when 388 is divided by i(-5).
8
Suppose -3*k = 3, -5*z - k - 2 + 11 = 0. Let m(j) = 7*j**3 + j**2 - 1. What is the remainder when m(z) is divided by 23?
13
Let g(c) = c**2 - 16*c + 18. Calculate the remainder when 21 is divided by g(16).
3
Calculate the remainder when 464 is divided by ((-1)/2)/((-24804)/(-2256) - 11).
88
Let y(l) = l**3 - 3*l**2 - l - 5. Let z be y(4). Let p(a) = z - 2*a - 14*a**2 + 13*a**2 + 0. Calculate the remainder when p(-3) is divided by 3.
1
Suppose 26*c - 30*c = -2*m + 48, 4*m + 2*c - 126 = 0. What is the remainder when 1497 is divided by m?
27
Let f be 2/1*(-65)/(-10). Suppose -5*j - 90 = -5*w, -j + 0 = 4*w + f. Let s = j + 34. Calculate the remainder when 33 is divided by s.
16
Let h(x) = 6*x**2 + 7*x + 7. Let n(o) = o**3 + 3*o**2 - 9*o + 3. Let j be n(-5). Let r = -5 - -11. Calculate the remainder when h(j) is divided by r.
5
Suppose 3*f = 2 + 1. Suppose 0 = -4*k + 38 - 2. What is the remainder when k is divided by (f + 0)/(1/5)?
4
Let k be 2*(66/(-12) + -3). Let u(h) = -h**3 - 15*h**2 + 34*h + 17. What is the remainder when 18 is divided by u(k)?
1
Let j = -1512 + 1985. Calculate the remainder when j is divided by 14.
11
Let t(z) = z**3 + 7*z**2 + 4. Let x be t(-7). Suppose 23 = -x*q - 21. Let p = -10 - q. Calculate the remainder when 3 is divided by p.
0
Let f(k) = 3*k - 10. Let r be f(4). Let x be 2/((-228)/(-111) - r). Let q = 11 + x. What is the remainder when q is divided by 17?
14
Let m = 75 - 35. Suppose -4*o = j - 62, -2*o = o + 4*j - m. What is the remainder when o is divided by 10?
6
Let o(w) = 12 - 35 - 3*w**2 + 19*w + 18 + 12. What is the remainder when 47 is divided by o(6)?
8
Suppose -3